*n**2 + 375*n**3. Calculate i(-4).
-5
Let b(l) be the first derivative of l**2/2 + 13*l - 11. Determine b(-7).
6
Let h(m) = m**2 + 7*m + 2. Suppose -4*f + 139 - 39 = 0. Suppose 0 = -0*t - 4*t + 2*l - 22, 5*l - f = 4*t. What is h(t)?
-8
Let c(g) = 3*g + 5. Suppose 5*w + 2*z + 10 = 2*w, 5*w - 4*z - 20 = 0. Let t(q) = 4*q**3 + q**2 - 1. Let l be t(-1). Let i = l - w. Calculate c(i).
-7
Suppose 3*l - 8 = -l. Let b(g) = -4*g + 3. What is b(l)?
-5
Let n = 22 - 13. Let z = n + -2. Let h = -3 + z. Let p(f) = f**3 - 5*f**2 + 3*f + 4. Calculate p(h).
0
Suppose -2*k = 3 - 11. Let s(v) = k + 5*v - 3 + 1 - 4. Determine s(-2).
-12
Let i = -40 - -22. Let c = 16 + i. Let q(t) = -5 - t**3 - 2*t + 3*t - 2*t**2 + 4. Give q(c).
-3
Let t be 10/(-4)*(-20 - 2). Let h be (-46)/(-11) + (-10)/t. Suppose 0 = 3*l + 2*p - 4*p - 9, 0 = 4*l - h*p - 8. Let y(u) = 2*u - 3. Calculate y(l).
7
Suppose -2*b = 10, 3*b = -3*d - b - 20. Let k(a) = d*a**3 + 0*a**3 + 2*a**3 - a + 1 - a**3 + 5*a**2. Determine k(-5).
6
Let y(u) = 4*u**3 - 5*u**2 - 3*u + 11. Suppose 2*a + 4*k + 2 = -0, 4*a - 2*k + 4 = 0. Let w(n) = n**3 - n + 1. Let d(q) = a*y(q) + 5*w(q). Determine d(-5).
4
Let q(t) be the second derivative of t**6/360 + t**5/30 + t**4/6 - t**3 - 3*t. Let b(k) be the second derivative of q(k). Determine b(-3).
1
Let v(x) = x**2 + 4*x - 4. Suppose 4 - 16 = 3*f. Let a(p) = p**3 + 3*p**2 - 4*p - 3. Let j be a(f). What is v(j)?
-7
Suppose -5*m + 4*f = -17, 4*m + 1 - 25 = -2*f. Let i(j) = -j - j + j - m. Determine i(5).
-10
Let w(f) = -f**2 + f + 1. Let b(l) = -2*l**2 + 10*l + 8. Let i(v) = b(v) - 3*w(v). Give i(-7).
5
Let p(c) = -c**3 + c**2 - 1. Suppose -2*o = -7*o - 10. Let x = o + 1. Let v(a) = -2*a**3 + 6*a**2 - 5*a - 4. Let n(j) = x*v(j) + 3*p(j). What is n(-4)?
-3
Let i(f) = -18*f - 26. Let r(s) = -6*s - 9. Let v(m) = 6*i(m) - 17*r(m). What is v(-3)?
15
Let n(u) be the third derivative of 1/24*u**4 + 0 + 0*u - 1/6*u**3 - 9*u**2. Calculate n(-6).
-7
Let n(s) = s - 3. Let x(j) = -j + 4. Let q(t) = 6*n(t) + 5*x(t). Calculate q(-2).
0
Let r = 23 + -20. Let h(z) = r*z - 2*z + 3*z**3 + 3*z**2 + z**2 - 2*z**3. Give h(-3).
6
Let p(s) = -2 - 5 - 6*s + s**2 + 10. Determine p(5).
-2
Let l(m) = -m**2 - 9*m - 2. Suppose 36 = -5*p - 4*r, 6*p + 15 = 4*p - r. Give l(p).
6
Let a(n) = 5*n - 6. Let y(t) = -14*t + 19. Let p(m) = 8*a(m) + 3*y(m). Determine p(7).
-5
Let l(v) = -v**3 - 4*v**2 + v + 10. Let o be l(-3). Let m(f) be the first derivative of 1/4*f**4 + 0*f**3 - 1/2*f**2 - f + 2. Calculate m(o).
-7
Let g(m) = m - 183 + 185 + 4*m - 6*m. Suppose -3*w - 4*c = -24, 5*c - 10 = w + 1. Calculate g(w).
-2
Let f(g) = -5*g**3 - g. Let l be f(-1). Let m(w) = 2*w - 5*w + 3*w - l*w**2 + 1. Give m(1).
-5
Let v(f) = 4*f**2 + 22*f + 7. Let u be v(-5). Let j(q) = -q**2 + 3*q + 1. What is j(u)?
-17
Let l(k) = -5*k + 1. Let t(g) = -6*g. Let f(p) = -5*l(p) + 4*t(p). Calculate f(0).
-5
Let a(b) = b**2 + 6*b + 7. Let y be a(-5). Let o(t) = -t**y - 4 - t + 3*t - 6*t. Let k(d) = -d**3 + d**2 + 1. Let m be k(2). Give o(m).
-1
Let w(i) = i**2 + i - 8. Suppose 5*l + 4 = 29. Let r = -14 + 16. Suppose l*t - t = -3*m, -t = -r*m. Calculate w(t).
-8
Let q(i) = i + 4 + 5*i**2 - 2*i**2 - 4*i**2 - i**3. Let p(w) = 2*w**3 + w**2 - w - 9. Let b(d) = -2*p(d) - 5*q(d). Suppose 2*a - 1 + 5 = 0. Determine b(a).
8
Suppose -2*y - 2*y = t - 6, 4*y = 5*t + 18. Let m(c) be the second derivative of 0 - 5/2*c**y + 2*c - 2/3*c**3 + 1/12*c**4. Give m(4).
-5
Let c(o) = 10*o + 3. Let i(x) = x + 1. Let a(l) = -c(l) + 4*i(l). Give a(1).
-5
Let c(j) be the second derivative of j**5/20 + j**4/12 - j**3/6 - j**2/2 - 7*j. What is c(-2)?
-3
Let b(j) = j**2 + 6*j - 13. Let f be b(-8). Let l(x) be the second derivative of -3/2*x**2 - 1/2*x**4 - 3*x + 0 + 5/6*x**f + 1/20*x**5. Calculate l(5).
-3
Let y(f) = -9*f + 2. Suppose -61*q = -69*q + 16. What is y(q)?
-16
Let a(d) = d**2 + 2*d + 1. Suppose -2*l + j = -4*l + 8, -2*j = -l + 4. Calculate a(l).
25
Let f(z) = z. Let b(l) = l**3 + 9*l**2 + 11*l + 5. Let w(t) = -b(t) + 3*f(t). What is w(-8)?
-5
Let i(b) = 3*b**3 + b**2 - 5*b + 7. Let w(o) = -4*o**3 + 2 + 2*o - 10 + 4*o. Let m(p) = -3*i(p) - 2*w(p). Suppose 0 = -s + 5*s + 16. What is m(s)?
-1
Let z(b) = 3*b**2 - 21*b + 3. Let m(u) = u**2 - 7*u + 1. Let v(g) = 8*m(g) - 3*z(g). Let w be v(7). Let q(f) = 7*f**3 + 1. Calculate q(w).
-6
Let w(b) be the first derivative of b**6/360 + b**5/24 - b**4/3 + 2*b**3 + 4. Let p(u) be the third derivative of w(u). Determine p(-7).
6
Let n(k) = 4*k - 4. Let f be n(-1). Let w(m) = m**2 + 7*m + 6. Determine w(f).
14
Let p(k) = -k. Let h(x) = 4*x - 3. Suppose -3*r + 4*u + 5 = 0, -2*u = 4*r + 8 - 22. Let b(v) = r*p(v) + h(v). Suppose 27 - 47 = -4*n. Calculate b(n).
2
Let z(d) = 6*d**2 - d - 10. Let f(s) = -5*s**2 + 9. Let r(l) = 5*f(l) + 4*z(l). Determine r(-6).
-7
Let b(j) = j**2 - 3*j - 8. Let h be b(5). Let a be ((-1)/h)/((-8)/32). Let p(g) = g**3 - g**2 + 2*g - 3. What is p(a)?
5
Let w(k) = 3*k**3 - 2*k**2 - k**3 - k**2 - 3*k - 2 - k**3. Determine w(4).
2
Let j(k) = -k**2 + k + 2. Let t be ((-6)/(-12))/((-1)/(-12)). Suppose t*x = x. What is j(x)?
2
Let u(s) = 3*s + 6. Let n(f) = f + 3. Let v(i) = 5*n(i) - 2*u(i). Calculate v(5).
-2
Suppose 0 + 6 = 3*z. Let s be 9 - 2 - z/(-1). Let j(y) = -y + 1. Let a(i) = -2*i + 2. Let k(m) = s*j(m) - 4*a(m). Calculate k(-5).
6
Let g(j) = 11*j. Let t = 16 + -15. What is g(t)?
11
Suppose u - 4*u + 6 = 0. Let y(a) be the first derivative of a**3 - 3*a**2/2 + 7. Determine y(u).
6
Let s(y) = 4 - 4*y - 3*y**2 - y + y**2 + y**2. Let b be (-1 + 0)/((-1)/(-5)). Calculate s(b).
4
Let d(f) be the first derivative of 2*f - 2 - 2*f**2 + f**3 - 1/4*f**4. Give d(3).
-10
Let b(q) = 3*q + 1. Let o(a) = -5*a - 2. Let y(n) = n**2 + n + 13. Let k be y(0). Let g(x) = k*b(x) + 6*o(x). Calculate g(-1).
-8
Let h(u) = -u**2 - 6*u. Let x = -34 - -27. Determine h(x).
-7
Let q(r) = r**3 - r**2 + 6*r + 4. Let k(s) = s**3 - 2*s**2 + 5*s + 4. Let v(b) = 5*k(b) - 4*q(b). What is v(5)?
-16
Let d(r) = r**2 - 9*r + 2. Let i be d(9). Suppose 0 - i = -z. Let s(q) = -q**2 - 2*q. Give s(z).
-8
Let t(v) be the second derivative of 0 - 1/6*v**3 + v**2 - 5*v - 1/12*v**4. What is t(0)?
2
Let m(d) = -4*d**3 + d**2 - 1. Suppose 4*r = -3*h - 6 - 13, r + 5*h = -26. Give m(r).
4
Let k(j) be the third derivative of j**4/12 + 5*j**3/6 - j**2. Suppose -9*y - 18 = -6*y. Calculate k(y).
-7
Let r(q) be the second derivative of -1/12*q**4 + 0 + q + 0*q**5 - 3/2*q**2 + 1/6*q**3 - 1/40*q**6. Let x(f) be the first derivative of r(f). Determine x(1).
-4
Let s = -1 - 9. Let g be (-20)/2*4/s. Let l(y) = -y + 3 + 6 - g - 2*y. Determine l(4).
-7
Let t(f) = 5*f - 1. Let k(u) = u - 6. Let z be k(10). Let y be (2/z)/(13/(-26)). What is t(y)?
-6
Let i(c) = -4*c. Let q(r) = -11*r - 1. Let j(n) = 5*i(n) - 2*q(n). Let p(y) = y**2 - 2. Let o be p(-2). Let z be 1/o - (-11)/(-2). Calculate j(z).
-8
Suppose 6*v - 10*v - 12 = 0. Let m(s) = -3*s - 3. Determine m(v).
6
Let b(r) = r**3 + 5*r**2 + 5*r + 4. Let n be -6 + 1 + (-3)/3. Let w = n - -3. Calculate b(w).
7
Let y(w) = w**2 + 14*w - 12. Let z be y(-15). Let b(k) = -3*k - 2. Calculate b(z).
-11
Let r(n) = n + 4 - 3 - 4 - 4. Let v be r(10). Let w(p) = p + 3. Calculate w(v).
6
Let b be (-3)/(-6) - (-3)/2. Let v(y) = 5 + y**3 + 9*y**2 - b*y**3 - 3*y**2 + 7*y + 2*y**3. Calculate v(-5).
-5
Let b(m) = -m**3 - 5*m**2 - 3*m + 1. Let a(k) = -k - 3. Let i be a(-4). Let y be i - (1 + 2 + 2). Determine b(y).
-3
Let k(l) = l**2 - 3*l + 1. Let s = 14 - 8. Suppose 4*a - a = s. What is k(a)?
-1
Let h(o) = -6 + 10*o**2 - 27*o - 11*o**2 + 19*o. Calculate h(-5).
9
Suppose 2*y + 3*y + 15 = 0. Let c(a) be the second derivative of a**4/24 + a**3/6 - 9*a**2/2 + 13*a. Let p(l) be the first derivative of c(l). Determine p(y).
-2
Let p(h) = 0 - 4 + h + 0 + 2. Calculate p(4).
2
Let j(r) = r**2 - 3*r - 1. Suppose 11 = 4*k + 2*a - 7, -2*k - 2*a + 8 = 0. Suppose 4*l = k*l - 4. Determine j(l).
3
Suppose -3*w + 17*q = 15*q + 2, 2 = -5*w + 4*q. Suppose -r - 3*r - 2*x + 22 = 0, -3*r = x - 17. Let n(y) = r*y - 4*y - 1 - y. Calculate n(w).
-3
Let h(i) = i + 1. Let d(a) = -a**3 + 5*a**2 + 8*a - 9. Let r be d(6). Suppose -w = 1, -r*o = -4*w - 8 - 11. Calculate h(o).
6
Let s be (-8)/(-1) - -1 - -2. Let r = 11 - s. Let a(i) = -i**3 - i + 6. Calc